ainder when g is divided by 29.
25
Let o = 14 - -6. Suppose 0 = -a - 3*m - m + o, -4*m - 160 = -4*a. Suppose 0 = -0*x + x - a. Calculate the remainder when x is divided by 19.
17
Suppose 4*h - u + 19 = 5*h, -4*u + 16 = 0. Let z = 130 - 73. What is the remainder when z is divided by h?
12
Calculate the remainder when (-3)/(-3) + 0/2 + 138 is divided by 35.
34
Calculate the remainder when (2 - (-48)/1) + -3 is divided by 16.
15
Suppose -3 = 2*f + 63. Suppose c = -0 + 1. What is the remainder when (-44)/f + 1/(-3) is divided by c?
0
What is the remainder when 53 is divided by ((-58)/(-10) - 3)*10?
25
Suppose h - 12 - 11 = 0. Suppose 4*l - 24 = -0*l. Calculate the remainder when h is divided by l.
5
Suppose 0*q = -4*q + 4. Suppose k + 5 = 5*n, 41 = -4*k - 2*n + 131. What is the remainder when 87*((-4)/12 + q) is divided by k?
18
Let l = 59 + -38. Calculate the remainder when l is divided by -1*(-11)/2*2.
10
Let o(n) = -4*n. Let g be o(-2). Suppose -g*f = -4*f - 316. What is the remainder when f is divided by 20?
19
Let a = 73 + -28. Suppose 2*j + 8 = 62. Calculate the remainder when a is divided by ((-8)/(-6))/(3/j).
9
What is the remainder when 780/36 + 1/3 is divided by (-2)/2*(-13 + 1)?
10
Suppose 4*m = 5*q + 49, -q + 42 = 4*m + q. Calculate the remainder when m is divided by 4.
3
Let a = -1 - -4. Suppose 24 = 4*l - 4*w, -3*w - 30 = -a*l - 4*w. What is the remainder when l is divided by 26/5 + (-2)/10?
4
Suppose -2*m = -34 + 12. What is the remainder when 20 is divided by m?
9
Let k = 18 + -13. Calculate the remainder when 7 is divided by k.
2
Let g = 4 - 2. Let c be 8/(-2) - (1 - g). What is the remainder when 13 is divided by (-2)/2*(-2 + c)?
3
Let t(f) = 4*f**2 - 2*f + 1. Calculate the remainder when 127 is divided by t(2).
10
Let m(r) = -r**2 + 7*r + 12. Calculate the remainder when m(6) is divided by 4.
2
Let b = 29 - 16. Calculate the remainder when b is divided by 3.
1
Suppose 0*n - 8 = -2*n - 5*x, -3*x = 5*n - 20. What is the remainder when 9 is divided by n?
1
Let l(c) = -3 + c + 7*c**2 - 2*c - 2*c**3 + 5*c + 3*c**3. Calculate the remainder when 44 is divided by l(-6).
8
Suppose 2*l + 6 = -2*u + 24, -5*l + 39 = 2*u. Calculate the remainder when 18 is divided by l.
4
Suppose 5*b = 26 + 4. What is the remainder when 16 - (1 - (1 - 1)) is divided by b?
3
Suppose 4*c - 63 + 35 = 0. What is the remainder when 32 is divided by c?
4
Suppose 0*t = 4*t. Suppose -c + 2 = -t*c. Suppose -g - 5 = 0, 5*q - c*g = -0*q + 80. What is the remainder when 39 is divided by q?
11
Calculate the remainder when (22*(-30)/(-8))/(135/180) is divided by 14.
12
Suppose -105 = -3*d - 417. Calculate the remainder when (-1)/3 - d/6 is divided by 10.
7
Let j = -53 - -70. What is the remainder when 32 is divided by j?
15
Suppose 0*v - 3*v + 87 = 0. Calculate the remainder when v is divided by 10.
9
What is the remainder when 80 is divided by 28*(5/5)/2?
10
Let i be (-2 + 2 - -8) + 0. Suppose -i*v + 494 = 166. Calculate the remainder when v is divided by 2/(-3) + (-70)/(-6).
8
Suppose -5 = i, -3*h - i + 1 = -5*h. Let g be (3 - h)*(-28)/(-6). Let t = g - 15. What is the remainder when 25 is divided by t?
12
Suppose -1 + 11 = 2*t, 3*h = 4*t + 22. Calculate the remainder when 25 is divided by h.
11
Suppose -3*f + 4 = f, -3*f = -2*r + 17. What is the remainder when 17 is divided by r?
7
Let q(i) = i + 4. What is the remainder when 94 is divided by q(20)?
22
Calculate the remainder when 3 is divided by (-5)/(-25)*5*3.
0
Suppose 0 = -6*t + 3*t. Let x(b) = b + 10. Calculate the remainder when 39 is divided by x(t).
9
Let a = -17 - -20. Suppose l + 0 - 15 = 0. What is the remainder when 83/3 - 2/a is divided by l?
12
Let v = 10 - 6. Suppose 4*i - 20 = -v*j, -5*j + 4 + 0 = -2*i. Calculate the remainder when 3 + (-2 - -1) + 3 is divided by i.
2
Suppose z + 0 = 2. Suppose -5*u + 32 = -4*w + 5, -2*w - 21 = -5*u. Calculate the remainder when u is divided by z.
1
Let z = 11 - -5. Calculate the remainder when 60 is divided by z.
12
Calculate the remainder when (-4 - -1) + (-162)/(-6) is divided by (13 - (1 - 0)) + 2.
10
Let c(z) = z**2 + 2*z - 1. Let o be c(1). Suppose -o = h - 8. Suppose -2*j = 3*j - 85. What is the remainder when j is divided by h?
5
Let l(i) = i**3 + 6*i**2 - 2*i + 3. Let v be 4/(-16) - (-46)/(-8). Suppose 6*h - 16 = 4*h. Calculate the remainder when l(v) is divided by h.
7
Suppose -3*p + 4*x = 2*x - 30, 2*p + 4*x - 36 = 0. Let r(v) = 2*v**2 + 3*v - 4. Calculate the remainder when p is divided by r(-3).
2
Let j(g) = g**3 + 6*g**2 - 5*g - 1. Let n be j(-7). Let f = n - -28. Calculate the remainder when f is divided by 5.
3
Suppose 7*l + 59 - 395 = 0. Calculate the remainder when l is divided by 28.
20
Let k = 25 - 8. Calculate the remainder when 47 is divided by k.
13
Calculate the remainder when 23 is divided by -1 - (-142)/10 - 1/5.
10
What is the remainder when 55 is divided by (435/20)/(3/4)?
26
Suppose -3*m - 2*i + 13 = 0, -2*m - 2*i + 6 = -2. Calculate the remainder when (-5)/(-2)*208/40 is divided by m.
3
Suppose -3*c + 1 = 5*q, 4*c = q - 0*q - 14. Let x = c - 0. Let r(z) = -z**3 - 2*z**2 + 2*z + 1. What is the remainder when 7 is divided by r(x)?
3
Let k = -183 - -311. Suppose -5*j - 38 + k = 0. Calculate the remainder when 53 is divided by j.
17
Suppose -1 + 11 = -5*f. Suppose -6*w + 3*w = 1212. What is the remainder when w/(-6) - f/(-6) is divided by 23?
21
Let s(l) = l**3 - l + 4. Let o = -9 - -7. Let n = 5 - o. What is the remainder when n is divided by s(0)?
3
Let c(z) = 23*z**3 + z**2 - z + 1. What is the remainder when c(1) is divided by 5?
4
Suppose 0 = -2*h + 266 - 8. Calculate the remainder when h is divided by 44.
41
Suppose 155 = 4*r + 2*y + 41, -r = y - 28. Suppose -2*b + 44 = 2*b. What is the remainder when r is divided by b?
7
Suppose -2*d = -7*d + 95. What is the remainder when d is divided by 1 - -4 - (3 + -5)?
5
Suppose -4*m + 65 = 5*h, 137 = 5*h - 5*m + 27. Calculate the remainder when h is divided by 10.
7
Let x(o) = o**3 - 5*o**2 + 2*o + 2. Let h be x(4). What is the remainder when (-166)/h + (-3)/(-9) is divided by 10?
8
Let s = -40 - -57. What is the remainder when 66 is divided by s?
15
Let b = 28 - 63. Let o = 5 - b. Let r = -19 - -33. Calculate the remainder when o is divided by r.
12
Let z = 0 - 0. Suppose -3*u + 30 = -z. What is the remainder when 18 is divided by u?
8
Calculate the remainder when 0*(-5)/(-20) - -11 is divided by 6.
5
Suppose 3*j - c - c - 38 = 0, 3*j - 33 = 3*c. Calculate the remainder when 79 is divided by j.
15
Let g(f) = f**3 - 4*f**2 + 3*f + 3. Let m be g(3). Let c(w) = m*w - 2 - w**3 - 2*w**2 + 0 + 3*w**3. What is the remainder when c(2) is divided by 7?
5
Let d = -14 - -20. Calculate the remainder when d is divided by 2.
0
Let v(k) = 8*k + 1. Let s be v(-1). Let c = s - -14. What is the remainder when c is divided by 2?
1
Suppose -3*a = 2*i - 9, -i + 2*a = 4*i + 6. Let u(c) = -3*c**3 + c. Let v be u(1). What is the remainder when v - -11 - i/1 is divided by 3?
0
Let d be 9/6 - (-2)/(-4). Suppose -l + d = -11. Suppose -42 = -2*r - z, 0 = 3*r + 4*z - 55 + 2. What is the remainder when r is divided by l?
11
Let n(o) = -2*o**3 - 5*o**2 - 3*o - 1. Let y be n(-3). Suppose 5*w = 4*h - y, 4*w = h - 2*h - 1. What is the remainder when 38 is divided by (-1)/(0 - w)*-13?
12
Suppose -4*m = -4*f - 28, -4*f = -2*m + m - 2. Calculate the remainder when 18 is divided by m.
8
Suppose 0*n - 32 = 4*x + 2*n, -5*x + 5*n = 10. What is the remainder when 7 is divided by 2/(x/(-9)) + 2?
2
Suppose -3*n + 58 = n - 5*f, 0 = -5*f + 10. Let g(h) = -h**2 + 8*h + 4. Let p be g(6). Let q = -10 + p. What is the remainder when n is divided by q?
5
Let v(i) be the first derivative of 3*i - 2*i - 2*i + 0 + i**2 + 3. Calculate the remainder when v(6) is divided by 6.
5
Let b = -6 + 105. Let m = b + -47. Let x = 1 - -17. Calculate the remainder when m is divided by x.
16
What is the remainder when (-18)/2*21/(-9) is divided by 8?
5
Suppose -p + 2*p + 19 = 5*g, -2*p - 31 = -3*g. Suppose -3*m + 63 = 3*x, -63 = -5*m - x + 38. Let q = m + p. Calculate the remainder when q is divided by 4.
2
Let a(l) = l + 4. Let r be a(9). Suppose -11*j = -r*j + 92. Calculate the remainder when j is divided by 12.
10
Let p(w) = -w**2 - 11*w + 5. Let l be p(-11